 divided by 1507555?
261
Calculate the remainder when 5201444 is divided by 2242.
4
What is the remainder when 131180 is divided by 7819?
6076
Calculate the remainder when 36529013 is divided by 63.
38
What is the remainder when 708629 is divided by 283?
280
What is the remainder when 1405100 is divided by 17?
16
What is the remainder when 3168047 is divided by 12095?
11252
Calculate the remainder when 19524890 is divided by 1153.
1141
Calculate the remainder when 39320332 is divided by 3361.
3354
Calculate the remainder when 945319 is divided by 157550.
19
What is the remainder when 682477 is divided by 1745?
182
Calculate the remainder when 13213423 is divided by 240244.
3
What is the remainder when 111954 is divided by 9307?
270
What is the remainder when 63966 is divided by 2122?
306
What is the remainder when 2656469 is divided by 531282?
59
Calculate the remainder when 2847348 is divided by 949044.
216
Calculate the remainder when 993559 is divided by 331162.
73
What is the remainder when 1927584 is divided by 82?
10
Calculate the remainder when 1504994 is divided by 510.
494
What is the remainder when 809261 is divided by 2529?
2510
Calculate the remainder when 8893120 is divided by 520.
80
What is the remainder when 129776 is divided by 404?
92
What is the remainder when 2408109 is divided by 1436?
1373
Calculate the remainder when 301254 is divided by 933.
828
What is the remainder when 49734462 is divided by 4232?
4230
What is the remainder when 89113 is divided by 29083?
1864
What is the remainder when 1622184 is divided by 12773?
13
What is the remainder when 21764479 is divided by 779?
777
What is the remainder when 120037772 is divided by 3122?
3116
Calculate the remainder when 539650 is divided by 539510.
140
What is the remainder when 577125 is divided by 67?
54
Calculate the remainder when 1079565 is divided by 67469.
61
Calculate the remainder when 1557097 is divided by 519028.
13
What is the remainder when 243275 is divided by 315?
95
Calculate the remainder when 413667 is divided by 1561.
2
What is the remainder when 234808 is divided by 34?
4
Calculate the remainder when 236811552 is divided by 5557.
5554
What is the remainder when 32481 is divided by 275?
31
Calculate the remainder when 4622842 is divided by 6869.
5
What is the remainder when 118816 is divided by 576?
160
Calculate the remainder when 412937163 is divided by 1757.
1752
What is the remainder when 1379895 is divided by 317?
311
Calculate the remainder when 22785 is divided by 216.
105
What is the remainder when 3552133 is divided by 3925?
8
What is the remainder when 111521 is divided by 8567?
150
What is the remainder when 228519 is divided by 2457?
18
What is the remainder when 131278 is divided by 195?
43
Calculate the remainder when 97339 is divided by 120.
19
What is the remainder when 4308933 is divided by 91?
83
Calculate the remainder when 27745 is divided by 1027.
16
What is the remainder when 39805 is divided by 3698?
2825
Calculate the remainder when 959335 is divided by 3854.
3543
Calculate the remainder when 136164575 is divided by 1432.
1423
Calculate the remainder when 170127 is divided by 1481.
1293
What is the remainder when 6852072 is divided by 70?
52
What is the remainder when 49229 is divided by 68?
65
Calculate the remainder when 3306504 is divided by 84.
12
What is the remainder when 51170989 is divided by 8?
5
Calculate the remainder when 684259 is divided by 508.
491
Calculate the remainder when 431789 is divided by 156.
137
Calculate the remainder when 31756480 is divided by 1286.
1282
What is the remainder when 252796 is divided by 36037?
537
What is the remainder when 1434544 is divided by 7109?
5635
What is the remainder when 88903 is divided by 11058?
439
Calculate the remainder when 10890565 is divided by 1513.
1504
Calculate the remainder when 274908 is divided by 45422.
2376
What is the remainder when 3575844 is divided by 2754?
1152
What is the remainder when 2941781 is divided by 30642?
149
Calculate the remainder when 123552 is divided by 3633.
30
What is the remainder when 24237431 is divided by 12143?
3
What is the remainder when 432872 is divided by 2575?
272
What is the remainder when 9790471 is divided by 82?
81
What is the remainder when 776027 is divided by 388007?
13
Calculate the remainder when 262808 is divided by 20199.
221
Calculate the remainder when 90275693 is divided by 11747.
11745
What is the remainder when 1219397 is divided by 65?
62
Calculate the remainder when 856620 is divided by 38935.
50
Calculate the remainder when 1579378 is divided by 110.
108
Calculate the remainder when 351937 is divided by 175956.
25
What is the remainder when 247742 is divided by 27522?
44
What is the remainder when 5645516 is divided by 1881632?
620
Calculate the remainder when 335068 is divided by 20.
8
What is the remainder when 543888 is divided by 2007?
1998
What is the remainder when 3681586 is divided by 161?
160
What is the remainder when 887842 is divided by 848?
834
What is the remainder when 20968653 is divided by 197?
170
Calculate the remainder when 5353006 is divided by 1070593.
41
Calculate the remainder when 1673634 is divided by 45.
39
Calculate the remainder when 45425577 is divided by 41.
37
Calculate the remainder when 478476 is divided by 59794.
124
What is the remainder when 526300 is divided by 6129?
5335
What is the remainder when 237023230 is divided by 6144?
6142
What is the remainder when 33824 is divided by 5421?
1298
Calculate the remainder when 125381 is divided by 116648.
8733
Calculate the remainder when 912536 is divided by 70194.
14
What is the remainder when 527124 is divided by 2187?
57
Calculate the remainder when 40007 is divided by 1499.
1033
Calculate the remainder when 267241 is divided by 22222.
577
Calculate the remainder when 2854151 is divided by 2843.
2622
Calculate the remainder when 1765076 is divided by 176507.
6
Calculate the remainder when 4400985 is divided by 2.
1
What is the remainder when 3659251 is divided by 90?
31
What is the remainder when 2143100 is divided by 54951?
11
What is the remainder when 346475 is divided by 38483?
128
Calculate the remainder when 35959 is divided by 834.
97
Calculate the remainder when 7073298 is divided by 504.
162
What is the remainder when 2158511 is divided by 171?
149
Calculate the remainder when 14548402 is divided by 78.
76
What is the remainder when 14322898 is divided by 5720?
18
Calculate the remainder when 2473763 is divided by 211.
210
What is the remainder when 11293788 is divided by 1613389?
65
Calculate the remainder when 406987426 is divided by 5491.
5488
What is the remainder when 90506134 is divided by 30168710?
4
Calculate the remainder when 428361 is divided by 636.
333
What is the remainder when 2568667 is divided by 13519?
57
What is the remainder when 125042 is divided by 538?
226
What is the remainder when 42498 is divided by 3461?
966
Calculate the remainder when 219537 is divided by 21950.
37
Calculate the remainder when 16177 is divided by 1070.
127
Calculate the remainder when 73923530 is divided by 33.
32
What is the remainder when 13157350 is divided by 312?
310
What is the remainder when 4503692 is divided by 9749?
9403
What is the remainder when 1727973 is divided by 129?
18
Calculate the remainder when 513426 is divided by 4843.
68
What is the remainder when 15573 is divided by 6?
3
Calculate the remainder when 1896706 is divided by 948307.
92
Calculate the remainder when 148756 is divided by 37038.
604
What is the remainder when 4662992 is divided by 93?
65
What is the remainder when 146394 is divided by 73082?
230
What is the remainder when 64218146 is divided by 215?
11
What is the remainder when 198034 is divided by 66010?
4
Calculate the remainder when 6836305 is divided by 6836301.
4
Calculate the remainder when 2500975 is divided by 312621.
7
Calculate the remainder when 377855 is divided by 183.
143
Calculate the remainder when 97883729 is divided by 97883725.
4
What is the remainder when 2895252 is divided by 1241?
1240
Calculate the remainder when 30196 is divided by 966.
250
What is the remainder when 66757606 is divided by 585593?
4
Calculate the remainder when 50377702 is divided by 13.
11